4460656 and 112.
112
What is the greatest common factor of 1402962 and 66990?
1914
Calculate the greatest common divisor of 1188 and 3542022.
594
Calculate the highest common divisor of 65910 and 2899338.
78
Calculate the greatest common divisor of 1578 and 795590517.
789
Calculate the highest common divisor of 36811566 and 396.
198
Calculate the highest common factor of 7448 and 55679120.
1064
What is the highest common factor of 44 and 484429?
11
Calculate the greatest common factor of 493 and 220643.
17
Calculate the greatest common divisor of 671015 and 1075.
215
What is the highest common divisor of 276 and 14578964?
92
Calculate the greatest common factor of 58065 and 14249445.
735
Calculate the highest common factor of 34001621 and 76.
19
What is the highest common divisor of 3243504 and 66?
66
What is the highest common factor of 144788812 and 28?
28
Calculate the greatest common factor of 1234179 and 11.
1
Calculate the greatest common divisor of 23852 and 4672379.
67
What is the highest common factor of 54390736 and 16?
16
What is the greatest common divisor of 44 and 18130090?
22
What is the greatest common factor of 247523 and 5743703?
1949
What is the greatest common factor of 42 and 1622706?
6
Calculate the highest common divisor of 23155282 and 1130.
226
Calculate the highest common divisor of 1399040 and 103680.
1280
What is the greatest common factor of 13440980 and 217?
217
Calculate the greatest common divisor of 6422792 and 1212.
404
What is the greatest common divisor of 4086 and 1085400?
18
Calculate the greatest common divisor of 220395624 and 159.
159
What is the greatest common factor of 4872 and 11298?
42
What is the highest common divisor of 25724 and 81532?
436
What is the greatest common factor of 20966 and 350729731?
10483
Calculate the greatest common divisor of 2147 and 142328924.
2147
What is the highest common factor of 37 and 65534030?
37
Calculate the highest common divisor of 2707529 and 4653.
517
What is the highest common divisor of 10417869 and 27?
27
Calculate the highest common factor of 542 and 1467465.
271
What is the greatest common divisor of 17365884 and 4192?
524
Calculate the highest common divisor of 60576 and 3950691.
1893
What is the greatest common divisor of 1 and 3571397?
1
Calculate the greatest common divisor of 259848458 and 37378.
3398
Calculate the highest common divisor of 101114675 and 8075.
475
What is the greatest common divisor of 50 and 43079550?
50
Calculate the highest common divisor of 18508307 and 69.
23
What is the greatest common divisor of 134 and 59839777?
67
Calculate the highest common factor of 129315 and 412365.
555
What is the highest common divisor of 21849 and 597?
3
Calculate the highest common divisor of 102216 and 41064.
24
What is the highest common factor of 44564128 and 388?
388
What is the greatest common factor of 118701 and 855?
9
Calculate the greatest common divisor of 459492 and 21417.
1947
What is the highest common divisor of 75126135 and 84?
21
What is the greatest common divisor of 1235 and 74363549?
247
Calculate the greatest common factor of 1224 and 3852568.
8
Calculate the highest common factor of 1984646 and 82.
82
What is the greatest common factor of 25410 and 380160?
330
Calculate the greatest common divisor of 191 and 16729117.
191
Calculate the highest common factor of 21268096 and 544.
32
Calculate the greatest common factor of 315034 and 26666.
134
Calculate the highest common factor of 30107 and 522928.
161
What is the greatest common factor of 164864376 and 2160?
216
What is the highest common divisor of 9462 and 5270666?
166
What is the highest common divisor of 4440 and 3525138?
222
Calculate the greatest common factor of 11356 and 2927009.
2839
What is the highest common factor of 772754 and 9263?
157
What is the greatest common factor of 1061190 and 5215250?
9070
Calculate the highest common divisor of 9115200 and 600.
600
Calculate the greatest common divisor of 2035 and 1444685.
55
Calculate the highest common factor of 15613 and 9881828.
1201
What is the greatest common divisor of 3432 and 6162988?
52
What is the highest common divisor of 22088 and 133447413?
2761
Calculate the highest common divisor of 10918186 and 737.
67
Calculate the highest common factor of 127246 and 141848.
2086
What is the greatest common divisor of 10433175 and 30?
15
What is the greatest common factor of 1025379 and 17?
1
Calculate the greatest common divisor of 592528538 and 28.
14
What is the greatest common factor of 2016625 and 5?
5
Calculate the greatest common factor of 107250 and 117650.
650
What is the highest common factor of 14639977 and 922?
461
Calculate the highest common factor of 166 and 145801950.
166
What is the highest common factor of 81599338 and 38?
38
What is the greatest common factor of 202 and 941623?
101
Calculate the highest common divisor of 11792 and 467632.
176
Calculate the highest common divisor of 29316 and 86337714.
2094
Calculate the highest common factor of 2142 and 27132.
714
Calculate the highest common factor of 8981 and 21504.
7
What is the highest common divisor of 1169423 and 6951?
331
What is the greatest common factor of 59824 and 14912?
16
What is the greatest common factor of 12024 and 614646?
18
Calculate the highest common factor of 250 and 6141760.
10
Calculate the greatest common divisor of 5167487 and 494.
247
Calculate the greatest common divisor of 5454260 and 840.
140
What is the greatest common divisor of 59400 and 16096?
8
What is the highest common divisor of 3846 and 290120446?
1282
What is the greatest common factor of 11840460 and 96?
12
What is the highest common factor of 17981460 and 135?
135
Calculate the greatest common factor of 192393539 and 442.
221
What is the greatest common factor of 743337 and 21091?
161
Calculate the greatest common factor of 17095 and 4737135.
65
What is the greatest common divisor of 33431047 and 52?
13
Calculate the highest common factor of 326 and 3739546.
326
Calculate the greatest common divisor of 1494 and 283610004.
498
Calculate the greatest common factor of 4671 and 1104057.
27
Calculate the greatest common factor of 160 and 281472040.
40
Calculate the highest common divisor of 217 and 931756.
7
What is the highest common factor of 1027216 and 11904?
496
What is the greatest common divisor of 211266 and 550?
22
Calculate the highest common divisor of 4 and 101429168.
4
What is the greatest common factor of 53372065 and 5?
5
What is the greatest common divisor of 44 and 133473670?
22
Calculate the greatest common factor of 1799 and 38045.
7
What is the greatest common divisor of 143991 and 252?
9
What is the greatest common divisor of 4836 and 50704251?
1209
What is the greatest common factor of 64672 and 3355612?
188
Calculate the greatest common factor of 4 and 5139792.
4
What is the highest common divisor of 5112 and 32104638?
1278
Calculate the highest common factor of 519 and 281770809.
519
Calculate the greatest common factor of 18264809 and 5.
1
Calculate the greatest common factor of 200 and 32679340.
20
Calculate the highest common factor of 1434899 and 399.
19
What is the greatest common divisor of 104096 and 1744?
16
Calculate the greatest common factor of 455490 and 8075970.
1890
Calculate the highest common factor of 5698160 and 28.
4
Calculate the highest common factor of 36275130 and 36.
18
What is the greatest common divisor of 1032 and 20245131?
129
What is the highest common divisor of 12007043 and 12220?
47
What is the greatest common factor of 11808 and 5731164?
36
Calculate the highest common factor of 132 and 95780960.
44
Calculate the greatest common factor of 5120 and 4705.
5
Calculate the highest common divisor of 1344681 and 1365.
39
What is the greatest common factor of 72352 and 431732?
476
Calculate the highest common divisor of 228464 and 11383376.
2096
Calculate the highest common divisor of 28780213 and 77.
77
Calculate the greatest common divisor of 117 and 73480797.
117
What is the greatest common factor of 75088350 and 345?
15
Calculate the greatest common divisor of 1580536 and 6.
2
What is the highest common divisor of 125904573 and 7569?
261
What is the greatest common divisor of 12 and 11630188?
4
Calculate the